hat is the tens digit of 54636758?
5
What is the units digit of 75274004?
4
What is the tens digit of 594512474?
7
What is the units digit of 108011031?
1
What is the hundred thousands digit of 224465047?
4
What is the hundred thousands digit of 76451644?
4
What is the hundreds digit of 56768072?
0
What is the hundreds digit of 549809358?
3
What is the thousands digit of 155048863?
8
What is the ten millions digit of 1754225084?
5
What is the ten thousands digit of 24993575?
9
What is the ten millions digit of 8806730350?
0
What is the units digit of 278866605?
5
What is the units digit of 1375875077?
7
What is the units digit of 6559015623?
3
What is the ten thousands digit of 661942097?
4
What is the hundreds digit of 354623818?
8
What is the millions digit of 1557872753?
7
What is the ten thousands digit of 297552863?
5
What is the ten thousands digit of 21126835?
2
What is the units digit of 38175578?
8
What is the hundreds digit of 893817877?
8
What is the ten millions digit of 22115844?
2
What is the hundred thousands digit of 4134413708?
4
What is the hundreds digit of 10149070?
0
What is the ten thousands digit of 17842945?
4
What is the hundreds digit of 24222500?
5
What is the ten millions digit of 23667717?
2
What is the hundred millions digit of 131188051?
1
What is the tens digit of 157854743?
4
What is the ten thousands digit of 24489476?
8
What is the hundreds digit of 163991918?
9
What is the ten thousands digit of 594364170?
6
What is the thousands digit of 155895164?
5
What is the hundreds digit of 379216421?
4
What is the hundred thousands digit of 357320118?
3
What is the ten thousands digit of 65720119?
2
What is the thousands digit of 74618247?
8
What is the hundred thousands digit of 116832294?
8
What is the hundred thousands digit of 139094999?
0
What is the millions digit of 5295637760?
5
What is the hundreds digit of 3614534?
5
What is the ten millions digit of 155314471?
5
What is the millions digit of 150577531?
0
What is the ten millions digit of 53023723?
5
What is the hundred thousands digit of 3802106584?
1
What is the ten thousands digit of 44669141?
6
What is the tens digit of 77155000?
0
What is the tens digit of 242654941?
4
What is the ten thousands digit of 628899786?
9
What is the hundred thousands digit of 569679711?
6
What is the hundred thousands digit of 108499570?
4
What is the tens digit of 853884502?
0
What is the units digit of 3654242676?
6
What is the ten thousands digit of 5518847702?
4
What is the thousands digit of 840197033?
7
What is the hundred millions digit of 407081770?
4
What is the thousands digit of 851248031?
8
What is the hundreds digit of 67251305?
3
What is the units digit of 18950816?
6
What is the hundreds digit of 619264523?
5
What is the ten millions digit of 154250459?
5
What is the units digit of 46970105?
5
What is the hundred thousands digit of 32738462?
7
What is the tens digit of 2907707692?
9
What is the hundred millions digit of 668483061?
6
What is the hundreds digit of 751964299?
2
What is the units digit of 52376261?
1
What is the ten millions digit of 118628579?
1
What is the millions digit of 153354441?
3
What is the ten millions digit of 272496055?
7
What is the ten thousands digit of 21799985?
9
What is the thousands digit of 71700218?
0
What is the ten thousands digit of 894691656?
9
What is the thousands digit of 635379858?
9
What is the thousands digit of 5874329243?
9
What is the ten millions digit of 1681643805?
8
What is the millions digit of 16198645?
6
What is the units digit of 6282350081?
1
What is the thousands digit of 159630194?
0
What is the ten thousands digit of 142291356?
9
What is the millions digit of 752908208?
2
What is the ten millions digit of 1372588237?
7
What is the millions digit of 12209475?
2
What is the units digit of 280496625?
5
What is the ten millions digit of 12221051?
1
What is the hundred thousands digit of 504421267?
4
What is the ten millions digit of 85508516?
8
What is the tens digit of 617600950?
5
What is the hundred thousands digit of 77172005?
1
What is the tens digit of 5566050538?
3
What is the tens digit of 44084753?
5
What is the ten millions digit of 6844022393?
4
What is the hundred thousands digit of 991331014?
3
What is the hundreds digit of 2151442193?
1
What is the ten thousands digit of 1835635868?
3
What is the ten millions digit of 1870036056?
7
What is the hundreds digit of 319516537?
5
What is the ten millions digit of 64674283?
6
What is the units digit of 32849911?
1
What is the ten millions digit of 89769330?
8
What is the ten millions digit of 389565442?
8
What is the hundred thousands digit of 217689195?
6
What is the millions digit of 20104195?
0
What is the thousands digit of 121189795?
9
What is the ten thousands digit of 10375915?
7
What is the tens digit of 1018657240?
4
What is the hundreds digit of 1452559707?
7
What is the billions digit of 1515776483?
1
What is the hundred millions digit of 610910277?
6
What is the hundred thousands digit of 1850821263?
8
What is the hundred millions digit of 913035718?
9
What is the hundred thousands digit of 32642720?
6
What is the tens digit of 16481985?
8
What is the hundred thousands digit of 124273760?
2
What is the hundred millions digit of 957823888?
9
What is the units digit of 344944464?
4
What is the units digit of 1118979292?
2
What is the units digit of 42741031?
1
What is the ten millions digit of 61641579?
6
What is the units digit of 2977277796?
6
What is the hundred thousands digit of 75939848?
9
What is the millions digit of 407338279?
7
What is the ten thousands digit of 1454713095?
1
What is the millions digit of 1212643498?
2
What is the tens digit of 33087894?
9
What is the ten thousands digit of 28030556?
3
What is the ten thousands digit of 176658546?
5
What is the tens digit of 48175076?
7
What is the millions digit of 23238522?
3
What is the units digit of 77805124?
4
What is the millions digit of 963403389?
3
What is the tens digit of 204622246?
4
What is the thousands digit of 635011248?
1
What is the ten millions digit of 79884525?
7
What is the thousands digit of 425239629?
9
What is the thousands digit of 2573440086?
0
What is the hundreds digit of 3856285270?
2
What is the millions digit of 81512801?
1
What is the hundred thousands digit of 51216744?
2
What is the hundreds digit of 69638964?
9
What is the thousands digit of 204591052?
1
What is the hundreds digit of 25205030?
0
What is the hundreds digit of 1700038098?
0
What is the tens digit of 298182868?
6
What is the hundred thousands digit of 104245140?
2
What is the hundred millions digit of 190977173?
1
What is the units digit of 446168424?
4
What is the units digit of 592714782?
2
What is the units digit of 564669793?
3
What is the tens digit of 2517690984?
8
What is the ten thousands digit of 157388449?
8
What is the units digit of 35555873?
3
What is the hundreds digit of 34774622?
6
What is the billions digit of 1891788593?
1
What is the millions digit of 21554730?
1
What is the hundreds digit of 999417913?
9
What is the tens digit of 5003464115?
1
What is the hundreds digit of 3720782428?
4
What is the hundred millions digit of 146203162?
1
What is the hundred thousands digit of 273183606?
1
What is the ten thousands digit of 46717213?
1
What is the millions digit of 5186296?
5
What is the ten thousands digit of 448373122?
7
What is the hundred thousands digit of 4927631138?
6
What is the hundreds digit of 96669614?
6
What is the units digit of 1964219920?
0
What is the tens digit of 40424866?
6
What is the hundreds digit of 993181502?
5
What is the hundred thousands digit of 5490412746?
4
What is the ten millions digit of 348545519?
4
What is the tens digit of 544905775?
7
What is the millions digit of 152125665?
2
What is the millions digit of 5303631?
5
What is the hundred thousands digit of 1789231032?
2
What is the ten thousands digit of 2380764593?
6
What is the tens digit of 499543862?
6
What is the hundred thousands digit of 1677517249?
5
What is the hundred thousands digit of 14220864?
2
What is the units digit of 656325271?
1
What is the hundred millions digit of 351761253?
3
What is the thousands digit of 71917032?
7
What is the ten thousands dig